Is 13045302553 a prime number?
False
Is 1851197423 a composite number?
True
Is 61356948941 a prime number?
False
Is 122971544989 a prime number?
True
Is 7919779061 composite?
True
Is 1278173191 a prime number?
False
Is 97066199297 composite?
False
Is 25117828613 composite?
False
Is 1752583501 composite?
False
Is 93901771477 a composite number?
False
Is 7459938545 a prime number?
False
Is 71766754619 composite?
True
Is 32069261747 prime?
True
Is 652661071 a prime number?
True
Is 32270119787 composite?
False
Is 84298829 prime?
False
Is 4228808743 composite?
False
Is 64098499202 a prime number?
False
Is 605696087 a prime number?
False
Is 498401083 composite?
True
Is 2627170549 composite?
True
Is 4633880453 a composite number?
False
Is 17196250069 prime?
False
Is 47816132743 prime?
False
Is 8195514983 composite?
True
Is 549355087 prime?
True
Is 1119089681 a prime number?
False
Is 7488300023 a composite number?
False
Is 5397960631 a composite number?
True
Is 501129383 prime?
False
Is 26790029029 a prime number?
False
Is 580200869 a prime number?
True
Is 948681541 prime?
True
Is 1170371945 composite?
True
Is 7685919899 composite?
True
Is 5963031947 composite?
False
Is 125500931 a prime number?
False
Is 138795497 composite?
True
Is 2182570403 a prime number?
False
Is 1497958543 composite?
True
Is 76879980547 a prime number?
True
Is 25631942041 a prime number?
False
Is 1061290379 prime?
False
Is 1611405209 prime?
True
Is 71358997 a composite number?
False
Is 238003457 composite?
False
Is 8800324927 a composite number?
False
Is 1737548333 composite?
True
Is 1861715257 composite?
False
Is 107062283173 prime?
False
Is 652512373 a composite number?
False
Is 188327621 prime?
True
Is 1630893497 composite?
False
Is 178201279 prime?
True
Is 4738913 prime?
False
Is 360216287 a composite number?
False
Is 5044890661 a prime number?
True
Is 628984423 composite?
True
Is 75047031071 composite?
False
Is 10151335967 a prime number?
False
Is 6415079289 composite?
True
Is 4533079079 a prime number?
False
Is 451628849 a prime number?
False
Is 25729309079 prime?
True
Is 128911349 composite?
True
Is 1605258071 a prime number?
False
Is 52527939941 composite?
False
Is 8331600587 a composite number?
True
Is 1293265603 a prime number?
False
Is 1615240741 composite?
True
Is 16386240341 composite?
False
Is 1814093777 a prime number?
True
Is 54669050518 prime?
False
Is 8734747313 prime?
True
Is 2471094251 composite?
True
Is 6125090761 composite?
False
Is 2632700593 composite?
True
Is 965954653 a prime number?
True
Is 29144814005 a composite number?
True
Is 1215203447 a prime number?
True
Is 23259940493 a prime number?
True
Is 6405528677 prime?
True
Is 73976606851 a prime number?
False
Is 42793120871 a composite number?
False
Is 4965029637 a prime number?
False
Is 521995517 prime?
True
Is 80647172867 composite?
True
Is 239768887 a prime number?
True
Is 31434666611 composite?
False
Is 255064346 a composite number?
True
Is 16427427781 composite?
False
Is 2233753727 a composite number?
True
Is 955932893 prime?
False
Is 13686682963 a prime number?
True
Is 4700706671 a prime number?
False
Is 355561802429 prime?
True
Is 866724589 prime?
True
Is 97974535273 prime?
True
Is 156191713907 a prime number?
False
Is 24775753649 composite?
True
Is 304488463 prime?
False
Is 20689350047 prime?
False
Is 3100706813 composite?
False
Is 1933184921 a composite number?
True
Is 16861750721 prime?
True
Is 2442401861 composite?
False
Is 242576759 a composite number?
False
Is 34725100937 prime?
False
Is 27134279083 a composite number?
True
Is 1574856559 a composite number?
False
Is 55129769917 prime?
False
Is 6690087559 a composite number?
False
Is 16831176671 a prime number?
True
Is 555570161 a prime number?
False
Is 2531783473 a composite number?
False
Is 348708253 a prime number?
False
Is 46083016153 a prime number?
False
Is 124795495751 composite?
False
Is 1822261157 a prime number?
True
Is 331973107729 a prime number?
True
Is 9836306489 a composite number?
False
Is 416740451 prime?
True
Is 1852899613 a prime number?
True
Is 1940000789 a prime number?
True
Is 181593131 a composite number?
False
Is 15414387011 a prime number?
False
Is 82655647 a prime number?
True
Is 516225973 composite?
True
Is 5363883223 a prime number?
False
Is 555349621 a composite number?
False
Is 314145883 composite?
True
Is 496538803 composite?
False
Is 157357679 a composite number?
False
Is 9765664333 a composite number?
True
Is 132240679 a prime number?
False
Is 541274642765 a composite number?
True
Is 12214968251 a prime number?
True
Is 392903639 a composite number?
False
Is 2757392009 a prime number?
False
Is 138312720547 prime?
True
Is 53378263781 composite?
True
Is 13147551829 composite?
True
Is 246276221 a composite number?
False
Is 21207874243 a prime number?
True
Is 7261497071 a prime number?
False
Is 199494817 a composite number?
False
Is 47927029471 a prime number?
True
Is 234729491 prime?
True
Is 1983671453 prime?
True
Is 301766471 a composite number?
True
Is 13322554099 composite?
False
Is 47316510161 composite?
False
Is 5647689227 a prime number?
True
Is 5910894403 composite?
True
Is 51743969 composite?
True
Is 569866573 a prime number?
False
Is 4047809 composite?
True
Is 149354453 a prime number?
True
Is 33142223 a composite number?
True
Is 4325658431 prime?
True
Is 3067973641 prime?
True
Is 394716979 prime?
False
Is 1531229803 a composite number?
False
Is 2505690251 a prime number?
True
Is 6162494731 prime?
True
Is 17438720803 composite?
True
Is 101244696121 composite?
False
Is 12423021587 composite?
False
Is 198646545179 a prime number?
False
Is 38570305 prime?
False
Is 8491747207 composite?
False
Is 1644753787 composite?
False
Is 35087953157 a composite number?
False
Is 8707526761 a composite number?
False
Is 3160051997 a composite number?
False
Is 25393796629 prime?
False
Is 1369892047 a composite number?
True
Is 15340588481 a composite number?
False
Is 48549455 composite?
True
Is 22788605537 prime?
True
Is 563984249 composite?
False
Is 17533938403 a composite number?
False
Is 5906587781 a composite number?
True
Is 34962698069 composite?
True
Is 32524684133 composite?
True
Is 1580378573 prime?
True
Is 599252573 prime?
False
Is 8694449 prime?
True
Is 634495601 composite?
True
Is 34376482159 a prime number?
True
Is 2665455743 a prime number?
False
Is 38122429 a composite number?
False
Is 7193698049 composite?
False
Is 12380174381 composite?
False
Is 3056570017 composite?
False
Is 13851400637 a composite number?
False
Is 85210968853 a prime number?
False
Is 1925075039 composite?
False
Is 5200742167 composite?
True
Is 7378077457 a composite number?
True
Is 37548444121 a composite number?
True
Is 1477729133 prime?
False
Is 127470428333 composite?
True
Is 33489711665 prime?
False
Is 262302519 composite?
True
Is 17055515123 a composite number?
False
Is 19475950979 a composite number?
False
Is 8510310317 a composite number?
False
Is 1269548201 composite?
True
Is 537261073 a prime number?
True
Is 4920823993 a composite number?
False
Is 12852572261 a prime number?
True
Is 4425895993 a composite number?
True
Is 18340304783 a prime number?
True
Is 729356657 a prime number?
False
Is 56816010179 composite?
False
Is 2717439423 composite?
True
Is 3158997895 composite?
True
Is 395513473 composite?
False
Is 11709082651 a composite number?
True
Is 340175523847 composite?
True
Is 7063128091 prime?
False
Is 844236623 composite?
False
Is 18007994119 composite?
False
Is 1381111889 composite?
True
Is 2238747853 prime?
True
Is 1288757711 a composite number?
False
Is 102612997 a composite number?
True
Is 372706777 a composite number?
False
Is 7295013449 composite?
True
Is 13404717727 a prime number?
True
Is 8549329 a prime number?
True
Is 1972563563 prime?
False
Is 24017884411 a composite number?
False
Is 584690863 prime?
False
Is 2804464541 prime?
True
Is 313656493163 composite?
True
Is 256007747 prime?
True
Is 258826271 prime?
False
Is 4215356323 composite?
True
Is 407052937 a prime number?
True
Is 66754012873 a prime number?
False
Is 10224709897 composite?
True
Is 475222133 composite?
False
Is 77629419673 prime?
False
Is 1049332489 a composite number?
False
Is 2078618709 composite?
True
Is 197903633 prime?
True
Is 2908450421 a p